2?
2
What is the millions digit of 130424212?
0
What is the ten thousands digit of 810574960?
7
What is the millions digit of 52695834?
2
What is the units digit of 640359929?
9
What is the thousands digit of 1112855464?
5
What is the ten thousands digit of 971964670?
6
What is the hundred thousands digit of 1830021538?
0
What is the tens digit of 8961346795?
9
What is the hundred thousands digit of 3441761992?
7
What is the hundred thousands digit of 69744159?
7
What is the ten millions digit of 21498208?
2
What is the millions digit of 763819773?
3
What is the ten millions digit of 641466478?
4
What is the hundred thousands digit of 1859923?
8
What is the hundred thousands digit of 568748241?
7
What is the hundred thousands digit of 1238210089?
2
What is the thousands digit of 1656778374?
8
What is the ten millions digit of 628664275?
2
What is the millions digit of 14959848?
4
What is the tens digit of 34628289?
8
What is the tens digit of 451755131?
3
What is the tens digit of 57237442?
4
What is the millions digit of 6093042528?
3
What is the thousands digit of 19115996?
5
What is the millions digit of 18647781?
8
What is the hundred thousands digit of 219342559?
3
What is the ten thousands digit of 12284155?
8
What is the hundreds digit of 59924831?
8
What is the ten thousands digit of 29327304?
2
What is the hundreds digit of 41001432?
4
What is the hundreds digit of 219909917?
9
What is the thousands digit of 2897146800?
6
What is the hundred thousands digit of 2660817?
6
What is the ten millions digit of 22800123?
2
What is the millions digit of 926559526?
6
What is the millions digit of 606888619?
6
What is the units digit of 1110442566?
6
What is the billions digit of 1064781955?
1
What is the tens digit of 1030653378?
7
What is the tens digit of 601344434?
3
What is the millions digit of 5019885?
5
What is the millions digit of 46651192?
6
What is the ten millions digit of 215607383?
1
What is the millions digit of 3278343945?
8
What is the ten millions digit of 381071540?
8
What is the ten thousands digit of 178226996?
2
What is the units digit of 813738479?
9
What is the tens digit of 929046302?
0
What is the thousands digit of 39665069?
5
What is the ten millions digit of 685592340?
8
What is the hundreds digit of 2306521495?
4
What is the hundreds digit of 27051317?
3
What is the units digit of 1988152283?
3
What is the hundred thousands digit of 351846812?
8
What is the units digit of 46406805?
5
What is the hundreds digit of 118518476?
4
What is the units digit of 278190218?
8
What is the hundred thousands digit of 102583856?
5
What is the ten thousands digit of 1269863337?
6
What is the ten thousands digit of 3804852636?
5
What is the billions digit of 1565484881?
1
What is the ten thousands digit of 6427554?
2
What is the hundred thousands digit of 131108284?
1
What is the tens digit of 1427063232?
3
What is the hundred thousands digit of 61030008?
0
What is the millions digit of 172443167?
2
What is the hundreds digit of 167836735?
7
What is the units digit of 229259356?
6
What is the ten millions digit of 573009608?
7
What is the units digit of 44392141?
1
What is the hundred millions digit of 1852474123?
8
What is the hundred thousands digit of 2796138878?
1
What is the ten thousands digit of 40824413?
2
What is the millions digit of 186981028?
6
What is the hundred millions digit of 2487596463?
4
What is the hundreds digit of 9143262746?
7
What is the hundred millions digit of 2020889701?
0
What is the millions digit of 1263667605?
3
What is the ten thousands digit of 1302919671?
1
What is the hundred millions digit of 102154825?
1
What is the units digit of 42360116?
6
What is the hundred millions digit of 416293254?
4
What is the hundreds digit of 229021630?
6
What is the thousands digit of 112323709?
3
What is the millions digit of 93863177?
3
What is the ten thousands digit of 30406338?
0
What is the thousands digit of 107938680?
8
What is the thousands digit of 1018814494?
4
What is the units digit of 3301502976?
6
What is the billions digit of 2052222748?
2
What is the thousands digit of 12330928?
0
What is the thousands digit of 54369192?
9
What is the tens digit of 2507523236?
3
What is the hundred millions digit of 1754509965?
7
What is the hundreds digit of 1415489220?
2
What is the millions digit of 25108669?
5
What is the ten millions digit of 342121080?
4
What is the millions digit of 175522826?
5
What is the billions digit of 4285951989?
4
What is the millions digit of 18818523?
8
What is the millions digit of 1111976631?
1
What is the units digit of 34436716?
6
What is the units digit of 100584293?
3
What is the ten thousands digit of 1774908102?
0
What is the hundreds digit of 300222579?
5
What is the tens digit of 514122047?
4
What is the units digit of 87524730?
0
What is the ten millions digit of 53817057?
5
What is the ten millions digit of 72595323?
7
What is the ten millions digit of 19128055?
1
What is the units digit of 197575365?
5
What is the units digit of 366931658?
8
What is the millions digit of 435254150?
5
What is the hundred thousands digit of 303499597?
4
What is the ten millions digit of 391482704?
9
What is the tens digit of 512545080?
8
What is the millions digit of 2638179198?
8
What is the millions digit of 385502149?
5
What is the hundred thousands digit of 4798176266?
1
What is the thousands digit of 7913242?
3
What is the hundred thousands digit of 513969121?
9
What is the hundred thousands digit of 841305?
8
What is the millions digit of 6463788?
6
What is the hundreds digit of 165617044?
0
What is the units digit of 47381443?
3
What is the tens digit of 975692380?
8
What is the millions digit of 392092921?
2
What is the ten thousands digit of 23754167?
5
What is the hundreds digit of 178620257?
2
What is the units digit of 280234271?
1
What is the units digit of 92587898?
8
What is the ten millions digit of 165290219?
6
What is the ten thousands digit of 372052155?
5
What is the hundred thousands digit of 1331287824?
2
What is the tens digit of 66316685?
8
What is the millions digit of 695519092?
5
What is the millions digit of 1127702533?
7
What is the units digit of 27338346?
6
What is the hundreds digit of 31921078?
0
What is the millions digit of 5733030555?
3
What is the hundred thousands digit of 1506852535?
8
What is the hundred millions digit of 310169058?
3
What is the ten thousands digit of 436707802?
0
What is the ten millions digit of 57970053?
5
What is the tens digit of 194439420?
2
What is the hundreds digit of 1952576597?
5
What is the tens digit of 68894546?
4
What is the ten thousands digit of 69976668?
7
What is the ten thousands digit of 754313070?
1
What is the units digit of 51778096?
6
What is the millions digit of 803884349?
3
What is the millions digit of 6711764?
6
What is the hundred thousands digit of 3237678939?
6
What is the ten millions digit of 333371791?
3
What is the hundred millions digit of 786885164?
7
What is the hundred thousands digit of 5245297475?
2
What is the millions digit of 2256880305?
6
What is the millions digit of 121593676?
1
What is the tens digit of 1926458891?
9
What is the millions digit of 29747806?
9
What is the units digit of 219759063?
3
What is the hundred millions digit of 617239449?
6
What is the units digit of 2997866305?
5
What is the hundred millions digit of 251019417?
2
What is the ten millions digit of 153755603?
5
What is the units digit of 830825857?
7
What is the ten thousands digit of 1083287?
8
What is the hundreds digit of 372992118?
1
What is the hundreds digit of 647188293?
2
What is the millions digit of 798644963?
8
What is the ten millions digit of 465143589?
6
What is the millions digit of 4957642589?
7
What is the millions digit of 3660812417?
0
What is the thousands digit of 127203965?
3
What is the thousands digit of 32058634?
8
What is the ten millions digit of 268836815?
6
What is the hundred thousands digit of 87753725?
7
What is the hundreds digit of 1261526657?
6
What is the ten thousands digit of 691400970?
0
What is the tens digit of 14705544?
4
What is the thousands digit of 418991129?
1
What is the tens digit of 89052335?
3
What is the units digit of 1754134412?
2
What is the ten t